er?
False
Is 857332183 a composite number?
False
Is 1012690001 a composite number?
False
Is 272772578909 a prime number?
True
Is 94813527997 a composite number?
False
Is 387072329347 prime?
False
Is 11510712901 composite?
False
Is 460687918 prime?
False
Is 584328347 prime?
False
Is 52380041873 composite?
True
Is 108771935131 prime?
False
Is 1683965177 a composite number?
False
Is 43087651 a prime number?
True
Is 1428012967 prime?
False
Is 321617251 a prime number?
False
Is 564543971 a composite number?
False
Is 2707142387 a composite number?
False
Is 83401652357 composite?
False
Is 10577407 a composite number?
False
Is 4179903757 a prime number?
True
Is 2696580847 a prime number?
False
Is 5108967691 a prime number?
True
Is 1298928487 prime?
True
Is 39464313673 composite?
False
Is 472534619 composite?
False
Is 5778507089 a prime number?
False
Is 96552214837 a composite number?
True
Is 17275206617 a composite number?
True
Is 19006303171 a prime number?
True
Is 374596026517 a composite number?
True
Is 83308072579 a prime number?
True
Is 157144463 a composite number?
True
Is 6644476541 composite?
False
Is 2528971303 composite?
True
Is 205656889 composite?
True
Is 972704041 a prime number?
True
Is 5464289317 a prime number?
True
Is 906614309 prime?
False
Is 124653287 prime?
False
Is 6492248459 composite?
False
Is 461852959 composite?
False
Is 749851217 composite?
False
Is 35516925653 a composite number?
True
Is 4123024489 composite?
True
Is 337196567 prime?
True
Is 1855827811 a prime number?
True
Is 61785382 a composite number?
True
Is 9547747147 composite?
False
Is 7719972127 a composite number?
True
Is 242468729 composite?
False
Is 5723190929 a composite number?
False
Is 4617093547 a prime number?
False
Is 223650289 a composite number?
False
Is 65065191461 composite?
True
Is 15868528237 a prime number?
True
Is 166402421 composite?
False
Is 280202011 a composite number?
True
Is 2614352527 composite?
True
Is 10843734009 composite?
True
Is 3945495913 composite?
False
Is 2115231253 composite?
False
Is 6303017137 a composite number?
False
Is 35974114243 a composite number?
True
Is 2567845697 composite?
False
Is 295794349 a prime number?
True
Is 5963206393 composite?
False
Is 2527507811 prime?
True
Is 42882846739 a composite number?
False
Is 2713222153 a composite number?
True
Is 6174618511 a prime number?
False
Is 48013081 composite?
False
Is 27303415627 a composite number?
True
Is 161499179663 a composite number?
False
Is 5475777119 prime?
True
Is 51768139 composite?
False
Is 2215965151 a prime number?
False
Is 514172899 composite?
False
Is 2404673 a prime number?
False
Is 440033611 a composite number?
False
Is 13323510943 a prime number?
True
Is 4082985303 composite?
True
Is 33404446729 a prime number?
True
Is 115663729 a prime number?
True
Is 1188895909 composite?
True
Is 3217508171 prime?
True
Is 639174689 a prime number?
True
Is 4854471097 a composite number?
True
Is 336074587 prime?
True
Is 37235621333 a composite number?
False
Is 282031903 a prime number?
True
Is 61311762669 composite?
True
Is 44142674669 prime?
True
Is 5901661973 composite?
False
Is 45182411 a composite number?
False
Is 2637767681 a prime number?
True
Is 837302723 a prime number?
True
Is 295861981 composite?
False
Is 350083541 composite?
False
Is 702295033 a prime number?
False
Is 66208781 a composite number?
False
Is 2661914373 composite?
True
Is 1232779313 composite?
False
Is 26956132681 a prime number?
False
Is 814733713 composite?
False
Is 485099059 a composite number?
True
Is 128713730039 a composite number?
False
Is 6947264053 a prime number?
True
Is 25890975521 composite?
False
Is 7252923533 a prime number?
False
Is 10128901547 prime?
False
Is 210208007 prime?
True
Is 105612410633 prime?
True
Is 641091007 composite?
True
Is 2925850019 a composite number?
False
Is 602784183 a prime number?
False
Is 4530002329 a prime number?
False
Is 5423187953 prime?
False
Is 960383263 composite?
True
Is 56240082167 a prime number?
True
Is 896822081 a prime number?
False
Is 7957004999 a composite number?
False
Is 590482306 composite?
True
Is 8417227201 composite?
False
Is 568000237 a composite number?
True
Is 214910030015 prime?
False
Is 50143099 a composite number?
False
Is 17547085669 prime?
True
Is 1835126027 a composite number?
True
Is 4849767763 composite?
True
Is 1773756703 prime?
True
Is 1455315341 a prime number?
True
Is 452574697 a prime number?
False
Is 468713617 prime?
True
Is 924170971 prime?
True
Is 5678595049 a composite number?
True
Is 2652016811 a composite number?
False
Is 43988897 prime?
True
Is 114984589 prime?
True
Is 71368843427 a prime number?
False
Is 920912857 a composite number?
False
Is 1634480609 a prime number?
False
Is 12090644183 composite?
False
Is 11284350421 a prime number?
True
Is 575720449 a composite number?
False
Is 613378537 composite?
True
Is 15194727319 a prime number?
False
Is 8640979573 prime?
True
Is 1415864453 a prime number?
False
Is 3138515483 prime?
False
Is 8351237533 prime?
False
Is 518934659 composite?
True
Is 57034961 composite?
False
Is 869128973 composite?
True
Is 1406862511 composite?
True
Is 7260500363 a composite number?
True
Is 88062611323 prime?
False
Is 6013896841 composite?
True
Is 1583428615 a composite number?
True
Is 2135538619 a composite number?
False
Is 8304467599 a composite number?
True
Is 4721473907 prime?
True
Is 45073927 a prime number?
True
Is 2438748797 prime?
False
Is 18775845743 a composite number?
False
Is 1250937913 a composite number?
True
Is 1844784637 a composite number?
False
Is 3452859551 a prime number?
True
Is 138335909 composite?
False
Is 55744730189 composite?
True
Is 3328431617 prime?
False
Is 1929878789 a composite number?
False
Is 19966783385 a prime number?
False
Is 67259323337 prime?
False
Is 13318583203 a composite number?
True
Is 9872369831 a prime number?
False
Is 8270083309 a composite number?
True
Is 34627652337 composite?
True
Is 42012451189 a composite number?
False
Is 5628710779 a prime number?
True
Is 31461139 composite?
True
Is 1039583681 composite?
False
Is 12825557 composite?
False
Is 2142842711 a composite number?
False
Is 59207903 composite?
False
Is 11871191911 a composite number?
False
Is 23322272453 a composite number?
True
Is 29832521 composite?
False
Is 195564558647 a prime number?
True
Is 1802699671 composite?
False
Is 1158436261 composite?
False
Is 1936232147 prime?
False
Is 82735810877 prime?
True
Is 293965691 a prime number?
False
Is 461147473 prime?
False
Is 2646385613 composite?
False
Is 10063350901 a composite number?
False
Is 1215818719 prime?
False
Is 1192390379 prime?
False
Is 1481456833 a composite number?
True
Is 4733289257 prime?
False
Is 2008853729 composite?
True
Is 20098348861 prime?
True
Is 1288250971 a composite number?
True
Is 1985125693 a prime number?
True
Is 7870994707 prime?
False
Is 366323179 composite?
False
Is 257724179 a prime number?
False
Is 23555598893 composite?
True
Is 2145962081 a prime number?
True
Is 60481480187 composite?
True
Is 15061604221 composite?
True
Is 67320964429 a prime number?
True
Is 551224033 composite?
False
Is 2482551863 prime?
False
Is 293568374387 composite?
True
Is 163935829 a composite number?
False
Is 58932307133 a prime number?
False
Is 13898915419 a composite number?
True
Is 26206457 a composite number?
False
Is 20184319477 a composite number?
True
Is 2346542897 a composite number?
False
Is 261711097 a prime number?
True
Is 25215045029 a composite number?
False
Is 40045208461 composite?
False
Is 4559536873 composite?
False
Is 3105215261 prime?
True
Is 960269867 prime?
True
Is 12765484409 a prime number?
False
Is 25545847889 prime?
False
Is 9581280817 prime?
False
Is 6159678589 a composite number?
False
Is 2808017647 prime?
False
Is 12776117687 prime?
True
Is 12013827077 composite?
True
Is 368986297 a prime number?
True
Is 4271520367 a composite number?
True
Is 8748476423 a composite number?
False
Is 38774192273 prime?
False
Is 72566231 prime?
True
Is 698510542 a composite number?
True
Is 13842472411 composite?
True
Is 4343803151 a prime number?
False
Is 1390651989 composite?
True
Is 957882089 composite?
False
Is 15571333 prime?
False
Is 1816656209 a prime number?
True
Is 61088861399 prime?
False
Is 666385523 composit